r of 18261?
False
Is 11 a factor of 6864?
True
Is 7392 a multiple of 24?
True
Is 7 a factor of 3430?
True
Is 27093 a multiple of 18?
False
Does 57 divide 21489?
True
Does 42 divide 69972?
True
Is 52 a factor of 912?
False
Is 12 a factor of 725?
False
Does 35 divide 34020?
True
Does 100 divide 13373?
False
Is 1726 a multiple of 13?
False
Does 76 divide 2863?
False
Does 14 divide 29260?
True
Is 50 a factor of 700?
True
Is 9 a factor of 1836?
True
Is 9 a factor of 234?
True
Is 3 a factor of 239?
False
Is 2870 a multiple of 68?
False
Is 17 a factor of 53448?
True
Is 26 a factor of 294?
False
Does 6 divide 364?
False
Is 6604 a multiple of 23?
False
Is 6 a factor of 23412?
True
Is 6714 a multiple of 6?
True
Does 43 divide 417?
False
Is 876 a multiple of 3?
True
Does 59 divide 1770?
True
Does 9 divide 11233?
False
Is 18 a factor of 208?
False
Is 83 a factor of 92877?
True
Does 45 divide 9900?
True
Is 33 a factor of 7222?
False
Is 286 even?
True
Does 68 divide 6324?
True
Is 6369 a multiple of 35?
False
Is 2610 a multiple of 30?
True
Is 48 a factor of 77256?
False
Does 24 divide 7491?
False
Does 7 divide 1198?
False
Does 3 divide 1688?
False
Is 14 a factor of 2716?
True
Does 10 divide 2610?
True
Is 8 a factor of 15360?
True
Is 4 a factor of 7097?
False
Is 3 a factor of 3745?
False
Is 2 a factor of 11?
False
Is 15792 a multiple of 84?
True
Does 45 divide 12600?
True
Is 5065 a multiple of 5?
True
Is 63 a multiple of 9?
True
Is 71274 a multiple of 21?
True
Is 2 a factor of 525?
False
Is 71848 a multiple of 56?
True
Is 60 a multiple of 5?
True
Is 2546 a multiple of 11?
False
Is 276 a multiple of 31?
False
Is 1118 a multiple of 13?
True
Is 296 a multiple of 9?
False
Does 8 divide 40?
True
Is 63 a factor of 2394?
True
Does 59 divide 903?
False
Is 580 a multiple of 5?
True
Is 137 a factor of 12710?
False
Is 9 a factor of 63?
True
Is 61 a factor of 38294?
False
Is 3317 a multiple of 10?
False
Is 630 a multiple of 6?
True
Is 230 a factor of 48070?
True
Does 6 divide 240?
True
Does 13 divide 140?
False
Is 484 a multiple of 28?
False
Is 14 a factor of 1848?
True
Is 927 a multiple of 12?
False
Is 33719 a multiple of 12?
False
Does 15 divide 11385?
True
Is 51 a factor of 185?
False
Is 18096 a multiple of 156?
True
Does 44 divide 612?
False
Is 28 a factor of 2772?
True
Is 2613 a multiple of 25?
False
Is 72 a multiple of 18?
True
Is 128 a factor of 4608?
True
Is 131 a factor of 15545?
False
Is 50 a factor of 1307?
False
Is 1112 a multiple of 20?
False
Does 17 divide 201?
False
Does 53 divide 1551?
False
Is 3 a factor of 674?
False
Is 46255 a multiple of 145?
True
Does 42 divide 12826?
False
Is 13 a factor of 468?
True
Is 25683 a multiple of 21?
True
Does 22 divide 1122?
True
Is 41270 a multiple of 11?
False
Is 7 a factor of 442?
False
Is 78 a factor of 3198?
True
Is 255 a factor of 23881?
False
Is 7 a factor of 2974?
False
Is 6 a factor of 21860?
False
Is 144 a factor of 49968?
True
Is 51 a multiple of 7?
False
Is 9 a factor of 34630?
False
Is 88 a multiple of 11?
True
Is 3 a factor of 2086?
False
Is 1856 a multiple of 16?
True
Is 115 a multiple of 2?
False
Does 24 divide 4212?
False
Is 4564 a multiple of 163?
True
Is 111 a factor of 22164?
False
Does 13 divide 208?
True
Does 17 divide 255?
True
Does 8 divide 18352?
True
Does 5 divide 163?
False
Is 1878 a multiple of 7?
False
Is 233 a factor of 21203?
True
Is 43 a factor of 271?
False
Does 12 divide 46260?
True
Is 4170 a multiple of 15?
True
Is 441 a multiple of 49?
True
Is 29763 a multiple of 247?
False
Is 1710 a multiple of 171?
True
Is 4 a factor of 1231?
False
Is 12 a factor of 93?
False
Does 178 divide 9612?
True
Is 64 a factor of 1028?
False
Is 788 a multiple of 25?
False
Is 8 a factor of 712?
True
Does 27 divide 652?
False
Does 10 divide 16171?
False
Does 24 divide 144?
True
Is 51 a factor of 500?
False
Does 11 divide 196?
False
Is 17 a factor of 697?
True
Is 6 a factor of 426?
True
Is 1866 a multiple of 6?
True
Is 140 a multiple of 28?
True
Does 117 divide 27908?
False
Does 123 divide 19680?
True
Does 20 divide 22460?
True
Is 774 a multiple of 2?
True
Is 98 a multiple of 62?
False
Is 1498 a multiple of 9?
False
Is 7 a factor of 868?
True
Is 8 a factor of 226?
False
Is 20 a factor of 21520?
True
Is 48 a factor of 4750?
False
Does 6 divide 24648?
True
Is 53478 a multiple of 9?
True
Is 24 a multiple of 2?
True
Does 48 divide 9392?
False
Is 7 a factor of 20244?
True
Is 4 a factor of 9724?
True
Is 132 a factor of 50904?
False
Is 20 a factor of 25420?
True
Does 16 divide 8255?
False
Is 49 a factor of 424?
False
Does 15 divide 331?
False
Is 14 a multiple of 7?
True
Is 57 a factor of 798?
True
Is 1102 a multiple of 38?
True
Does 19 divide 273?
False
Does 4 divide 704?
True
Does 12 divide 294?
False
Does 20 divide 436?
False
Is 104 a factor of 22152?
True
Is 6 a factor of 6084?
True
Is 10 a factor of 29273?
False
Does 33 divide 528?
True
Is 129758 a multiple of 13?
False
Is 17 a factor of 328?
False
Is 756 a multiple of 18?
True
Is 10 a factor of 502?
False
Is 9348 a multiple of 142?
False
Is 13245 a multiple of 90?
False
Does 32 divide 832?
True
Is 5 a factor of 5861?
False
Is 10 a factor of 711?
False
Is 108 a multiple of 27?
True
Does 21 divide 420?
True
Is 41 a factor of 607?
False
Is 5 a factor of 14800?
True
Is 288 a multiple of 12?
True
Does 49 divide 9296?
False
Is 65 a factor of 18190?
False
Does 12 divide 5158?
False
Is 69 a multiple of 2?
False
Does 60 divide 3360?
True
Is 471 a multiple of 7?
False
Does 33 divide 9948?
False
Does 10 divide 1482?
False
Is 10 a factor of 21450?
True
Is 380 a multiple of 84?
False
Does 58 divide 17945?
False
Is 73 a factor of 42048?
True
Does 18 divide 666?
True
Is 3145 a multiple of 85?
True
Is 3280 a multiple of 2?
True
Is 1737 a multiple of 14?
False
Is 942 a multiple of 152?
False
Is 4775 a multiple of 93?
False
Is 37 a factor of 1187?
False
Is 56 a multiple of 3?
False
Is 6 a factor of 12293?
False
Does 32 divide 2253?
False
Does 16 divide 28320?
True
Does 33 divide 3194?
False
Is 2000 a multiple of 50?
True
Is 50 a factor of 10619?
False
Is 2995 a multiple of 5?
True
Does 4 divide 120?
True
Does 18 divide 15498?
True
Is 3 a factor of 6102?
True
Does 4 divide 27?
False
Is 456 a multiple of 38?
True
Does 19 divide 4108?
False
Is 13 a factor of 31180?
False
Is 34 a factor of 986?
True
Does 15 divide 591?
False
Does 65 divide 910?
True
Is 221 a multiple of 11?
False
Does 52 divide 2476?
False
Does 8 divide 155?
False
Is 133 a factor of 25403?
True
Is 4 a factor of 1432?
True
Does 22 divide 110?
True
Is 7 a factor of 224?
True
Does 11 divide 1066?
False
Is 155 a factor of 11005?
True
Is 83 a factor of 1322?
False
Is 1020 a multiple of 15?
True
Is 23 a factor of 17004?
False
Is 95 a factor of 1351?
False
Does 16 divide 176?
True
Does 15 divide 1230?
True
Is 113 a factor of 2928?
False
Is 4984 a multiple of 5?
False
Is 2275 a multiple of 13?
True
Is 20 a factor of 41768?
False
Is 13922 a multiple of 23?
False
Is 24 a factor of 17184?
True
Is 8 a factor of 392?
True
Is 21 a factor of 714?
True
Does 4 divide 19746?
False
Is 348 a multiple of 12?
True
Does 24 divide 2701?
False
Is 18 a factor of 8838?
True
Does 76 divide 228?
True
Does 12 divide 129540?
True
Is 58 a multiple of 7?
False
Is 2852 a multiple of 23?
True
Is 22 a factor of 24?
False
Does 160 divide 23062?
False
Is 59551 a multiple of 113?
True
Is 365 a factor of 14167?
False
Does 13 divide 13115?
False
Is 59 a factor of 13744?
False
Is 1804 a multiple of 26?
False
Is 852 a multiple of 46?
False
Does 2 divide 1921?
False
Is 484 a multiple of 22?
True
Does 22 divide 1034?
True
Does 10 divide 3680?
True
Is 9 a factor of 92418?
False
Is 8 a factor of 2400?
True
Is 685 a multiple of 18?
False
Does 13 divide 55972?
False
Is 7536 a multiple of 6?
True
Is 12 a factor of 363?
False
Is 8200 a multiple of 5?
True
Does 31 divide 117087?
True
Is 5 a factor of 3765?
True
Is 17738 a multiple of 49?
True
Is 7 a factor of 343?
True
Is 4974 a multiple of 6?
True
Is 3001 a multiple of 55?
False
Is 12091 a multiple of 113?
True
Does 13 divide 2691?
True
Does 11 divide 3687?
False
Is 12 a factor of 9363?
False
Is 15980 a multiple of 68?
True
Is 77796 a multiple of 36?
True
Is 66 a multiple of 6?
True
Does 5 divide 558?
False
Is 2352 